{"id":158,"date":"2016-01-09T00:00:46","date_gmt":"2016-01-08T23:00:46","guid":{"rendered":"http:\/\/www.zahnmedizin-verden.de\/test\/?page_id=158"},"modified":"2023-01-05T10:42:34","modified_gmt":"2023-01-05T09:42:34","slug":"das-team","status":"publish","type":"page","link":"https:\/\/www.zahnmedizin-verden.de\/main\/das-team\/","title":{"rendered":"Das Praxisteam"},"content":{"rendered":"<p>Die Zahn\u00e4rzte <a href=\"https:\/\/www.zahnmedizin-verden.de\/main\/zahnarzt-kristof-austein\/\">Dr. Kristof Austein<\/a>, <a href=\"\/zahnarzt-axel-witte\/\">Axel Witte<\/a> und <a href=\"\/zahnarzt-martin-herlinghaus\">Dr. Martin Herlinghaus<\/a> legen gro\u00dfen Wert auf eine gute Zusammenarbeit zwischen \u00c4rzten, Mitarbeitern und auch den Patienten. Unserer Ansicht nach geh\u00f6ren das Wohlbefinden des Patienten und die Teamkultur zu den Eckpfeilern, die Ihnen einen m\u00f6glichst positiven Arztbesuch erm\u00f6glichen.<\/p>\n<p>Hier k\u00f6nnen Sie mehr \u00fcber die \u00c4rzte und Mitarbeiterinnen der Gemeinschaftspraxis erfahren:<\/p>\n<ul>\n<li><a href=\"https:\/\/www.zahnmedizin-verden.de\/main\/das-team\/die-zahnaerzte\/\">Die Zahn\u00e4rzte<\/a><\/li>\n<li><a href=\"https:\/\/www.zahnmedizin-verden.de\/main\/das-team\/behandlungsassistenz\/\">Behandlungsassistenz<\/a><\/li>\n<li><a href=\"https:\/\/www.zahnmedizin-verden.de\/main\/das-team\/prophylaxeteam\/\">Prophylaxeteam<\/a><\/li>\n<li><a href=\"https:\/\/www.zahnmedizin-verden.de\/main\/das-team\/anmeldung\/\">Anmeldung<\/a><\/li>\n<li><a href=\"https:\/\/www.zahnmedizin-verden.de\/main\/das-team\/abrechnung\/\">Abrechnung<\/a><\/li>\n<\/ul>\n","protected":false},"excerpt":{"rendered":"<p>Die Zahn\u00e4rzte Dr. Kristof Austein, Axel Witte und Dr. Martin Herlinghaus legen gro\u00dfen Wert auf eine gute Zusammenarbeit zwischen \u00c4rzten, Mitarbeitern und auch den Patienten. Unserer Ansicht nach geh\u00f6ren das Wohlbefinden des Patienten und die Teamkultur zu den Eckpfeilern, die Ihnen einen m\u00f6glichst positiven Arztbesuch erm\u00f6glichen.<\/p>\n<p>Hier k\u00f6nnen Sie mehr \u00fcber die \u00c4rzte und Mitarbeiterinnen der Gemeinschaftspraxis erfahren:<\/p>\n<p>Die Zahn\u00e4rzte<br \/>\nBehandlungsassistenz<br \/>\nProphylaxeteam<br \/>\nAnmeldung<br \/>\nAbrechnung<\/p>\n","protected":false},"author":1,"featured_media":0,"parent":0,"menu_order":0,"comment_status":"closed","ping_status":"closed","template":"","meta":{"_exactmetrics_skip_tracking":false,"_exactmetrics_sitenote_active":false,"_exactmetrics_sitenote_note":"","_exactmetrics_sitenote_category":0,"footnotes":""},"class_list":["post-158","page","type-page","status-publish","hentry"],"yoast_head":"<!-- This site is optimized with the Yoast SEO plugin v19.1 - https:\/\/yoast.com\/wordpress\/plugins\/seo\/ -->\n<title>Das Praxisteam stellt sich vor - Zahnarztpraxis Verden<\/title>\n<meta name=\"robots\" content=\"index, follow, max-snippet:-1, max-image-preview:large, max-video-preview:-1\" \/>\n<link rel=\"canonical\" href=\"https:\/\/www.zahnmedizin-verden.de\/main\/das-team\/\" \/>\n<meta property=\"og:locale\" content=\"de_DE\" \/>\n<meta property=\"og:type\" content=\"article\" \/>\n<meta property=\"og:title\" content=\"Das Praxisteam stellt sich vor - Zahnarztpraxis Verden\" \/>\n<meta property=\"og:description\" content=\"Die Zahn\u00e4rzte Dr. Kristof Austein, Axel Witte und Dr. Martin Herlinghaus legen gro\u00dfen Wert auf eine gute Zusammenarbeit zwischen \u00c4rzten, Mitarbeitern und auch den Patienten. Unserer Ansicht nach geh\u00f6ren das Wohlbefinden des Patienten und die Teamkultur zu den Eckpfeilern, die Ihnen einen m\u00f6glichst positiven Arztbesuch erm\u00f6glichen. Hier k\u00f6nnen Sie mehr \u00fcber die \u00c4rzte und Mitarbeiterinnen der Gemeinschaftspraxis erfahren: Die Zahn\u00e4rzte Behandlungsassistenz Prophylaxeteam Anmeldung Abrechnung\" \/>\n<meta property=\"og:url\" content=\"https:\/\/www.zahnmedizin-verden.de\/main\/das-team\/\" \/>\n<meta property=\"og:site_name\" content=\"Zahnarztpraxis Verden\" \/>\n<meta property=\"article:modified_time\" content=\"2023-01-05T09:42:34+00:00\" \/>\n<meta name=\"twitter:card\" content=\"summary\" \/>\n<meta name=\"twitter:label1\" content=\"Gesch\u00e4tzte Lesezeit\" \/>\n\t<meta name=\"twitter:data1\" content=\"1\u00a0Minute\" \/>\n<script type=\"application\/ld+json\" class=\"yoast-schema-graph\">{\"@context\":\"https:\/\/schema.org\",\"@graph\":[{\"@type\":\"WebSite\",\"@id\":\"https:\/\/www.zahnmedizin-verden.de\/main\/#website\",\"url\":\"https:\/\/www.zahnmedizin-verden.de\/main\/\",\"name\":\"Zahnarztpraxis Verden\",\"description\":\"Zahn\u00e4rzte Dr. Kristof Austein, Axel Witte &amp; Kollegen\",\"potentialAction\":[{\"@type\":\"SearchAction\",\"target\":{\"@type\":\"EntryPoint\",\"urlTemplate\":\"https:\/\/www.zahnmedizin-verden.de\/main\/?s={search_term_string}\"},\"query-input\":\"required name=search_term_string\"}],\"inLanguage\":\"de\"},{\"@type\":\"WebPage\",\"@id\":\"https:\/\/www.zahnmedizin-verden.de\/main\/das-team\/#webpage\",\"url\":\"https:\/\/www.zahnmedizin-verden.de\/main\/das-team\/\",\"name\":\"Das Praxisteam stellt sich vor - Zahnarztpraxis Verden\",\"isPartOf\":{\"@id\":\"https:\/\/www.zahnmedizin-verden.de\/main\/#website\"},\"datePublished\":\"2016-01-08T23:00:46+00:00\",\"dateModified\":\"2023-01-05T09:42:34+00:00\",\"breadcrumb\":{\"@id\":\"https:\/\/www.zahnmedizin-verden.de\/main\/das-team\/#breadcrumb\"},\"inLanguage\":\"de\",\"potentialAction\":[{\"@type\":\"ReadAction\",\"target\":[\"https:\/\/www.zahnmedizin-verden.de\/main\/das-team\/\"]}]},{\"@type\":\"BreadcrumbList\",\"@id\":\"https:\/\/www.zahnmedizin-verden.de\/main\/das-team\/#breadcrumb\",\"itemListElement\":[{\"@type\":\"ListItem\",\"position\":1,\"name\":\"Home\",\"item\":\"https:\/\/www.zahnmedizin-verden.de\/main\/\"},{\"@type\":\"ListItem\",\"position\":2,\"name\":\"Das Praxisteam\"}]}]}<\/script>\n<!-- \/ Yoast SEO plugin. -->","yoast_head_json":{"title":"Das Praxisteam stellt sich vor - Zahnarztpraxis Verden","robots":{"index":"index","follow":"follow","max-snippet":"max-snippet:-1","max-image-preview":"max-image-preview:large","max-video-preview":"max-video-preview:-1"},"canonical":"https:\/\/www.zahnmedizin-verden.de\/main\/das-team\/","og_locale":"de_DE","og_type":"article","og_title":"Das Praxisteam stellt sich vor - Zahnarztpraxis Verden","og_description":"Die Zahn\u00e4rzte Dr. Kristof Austein, Axel Witte und Dr. Martin Herlinghaus legen gro\u00dfen Wert auf eine gute Zusammenarbeit zwischen \u00c4rzten, Mitarbeitern und auch den Patienten. Unserer Ansicht nach geh\u00f6ren das Wohlbefinden des Patienten und die Teamkultur zu den Eckpfeilern, die Ihnen einen m\u00f6glichst positiven Arztbesuch erm\u00f6glichen. Hier k\u00f6nnen Sie mehr \u00fcber die \u00c4rzte und Mitarbeiterinnen der Gemeinschaftspraxis erfahren: Die Zahn\u00e4rzte Behandlungsassistenz Prophylaxeteam Anmeldung Abrechnung","og_url":"https:\/\/www.zahnmedizin-verden.de\/main\/das-team\/","og_site_name":"Zahnarztpraxis Verden","article_modified_time":"2023-01-05T09:42:34+00:00","twitter_card":"summary","twitter_misc":{"Gesch\u00e4tzte Lesezeit":"1\u00a0Minute"},"schema":{"@context":"https:\/\/schema.org","@graph":[{"@type":"WebSite","@id":"https:\/\/www.zahnmedizin-verden.de\/main\/#website","url":"https:\/\/www.zahnmedizin-verden.de\/main\/","name":"Zahnarztpraxis Verden","description":"Zahn\u00e4rzte Dr. Kristof Austein, Axel Witte &amp; Kollegen","potentialAction":[{"@type":"SearchAction","target":{"@type":"EntryPoint","urlTemplate":"https:\/\/www.zahnmedizin-verden.de\/main\/?s={search_term_string}"},"query-input":"required name=search_term_string"}],"inLanguage":"de"},{"@type":"WebPage","@id":"https:\/\/www.zahnmedizin-verden.de\/main\/das-team\/#webpage","url":"https:\/\/www.zahnmedizin-verden.de\/main\/das-team\/","name":"Das Praxisteam stellt sich vor - Zahnarztpraxis Verden","isPartOf":{"@id":"https:\/\/www.zahnmedizin-verden.de\/main\/#website"},"datePublished":"2016-01-08T23:00:46+00:00","dateModified":"2023-01-05T09:42:34+00:00","breadcrumb":{"@id":"https:\/\/www.zahnmedizin-verden.de\/main\/das-team\/#breadcrumb"},"inLanguage":"de","potentialAction":[{"@type":"ReadAction","target":["https:\/\/www.zahnmedizin-verden.de\/main\/das-team\/"]}]},{"@type":"BreadcrumbList","@id":"https:\/\/www.zahnmedizin-verden.de\/main\/das-team\/#breadcrumb","itemListElement":[{"@type":"ListItem","position":1,"name":"Home","item":"https:\/\/www.zahnmedizin-verden.de\/main\/"},{"@type":"ListItem","position":2,"name":"Das Praxisteam"}]}]}},"_links":{"self":[{"href":"https:\/\/www.zahnmedizin-verden.de\/main\/wp-json\/wp\/v2\/pages\/158","targetHints":{"allow":["GET"]}}],"collection":[{"href":"https:\/\/www.zahnmedizin-verden.de\/main\/wp-json\/wp\/v2\/pages"}],"about":[{"href":"https:\/\/www.zahnmedizin-verden.de\/main\/wp-json\/wp\/v2\/types\/page"}],"author":[{"embeddable":true,"href":"https:\/\/www.zahnmedizin-verden.de\/main\/wp-json\/wp\/v2\/users\/1"}],"replies":[{"embeddable":true,"href":"https:\/\/www.zahnmedizin-verden.de\/main\/wp-json\/wp\/v2\/comments?post=158"}],"version-history":[{"count":16,"href":"https:\/\/www.zahnmedizin-verden.de\/main\/wp-json\/wp\/v2\/pages\/158\/revisions"}],"predecessor-version":[{"id":1525,"href":"https:\/\/www.zahnmedizin-verden.de\/main\/wp-json\/wp\/v2\/pages\/158\/revisions\/1525"}],"wp:attachment":[{"href":"https:\/\/www.zahnmedizin-verden.de\/main\/wp-json\/wp\/v2\/media?parent=158"}],"curies":[{"name":"wp","href":"https:\/\/api.w.org\/{rel}","templated":true}]}}

<p>Die Zahnärzte <a href="https://www.zahnmedizin-verden.de/main/zahnarzt-kristof-austein/">Dr. Kristof Austein</a>, <a href="/zahnarzt-axel-witte/">Axel Witte</a> und <a href="/zahnarzt-martin-herlinghaus">Dr. Martin Herlinghaus</a> legen großen Wert auf eine gute Zusammenarbeit zwischen Ärzten, Mitarbeitern und auch den Patienten. Unserer Ansicht nach gehören das Wohlbefinden des Patienten und die Teamkultur zu den Eckpfeilern, die Ihnen einen möglichst positiven Arztbesuch ermöglichen.</p>
<p>Hier können Sie mehr über die Ärzte und Mitarbeiterinnen der Gemeinschaftspraxis erfahren:</p>
<ul>
<li><a href="https://www.zahnmedizin-verden.de/main/das-team/die-zahnaerzte/">Die Zahnärzte</a></li>
<li><a href="https://www.zahnmedizin-verden.de/main/das-team/behandlungsassistenz/">Behandlungsassistenz</a></li>
<li><a href="https://www.zahnmedizin-verden.de/main/das-team/prophylaxeteam/">Prophylaxeteam</a></li>
<li><a href="https://www.zahnmedizin-verden.de/main/das-team/anmeldung/">Anmeldung</a></li>
<li><a href="https://www.zahnmedizin-verden.de/main/das-team/abrechnung/">Abrechnung</a></li>
</ul>

<p>Die Zahnärzte Dr. Kristof Austein, Axel Witte und Dr. Martin Herlinghaus legen großen Wert auf eine gute Zusammenarbeit zwischen Ärzten, Mitarbeitern und auch den Patienten. Unserer Ansicht nach gehören das Wohlbefinden des Patienten und die Teamkultur zu den Eckpfeilern, die Ihnen einen möglichst positiven Arztbesuch ermöglichen.</p>
<p>Hier können Sie mehr über die Ärzte und Mitarbeiterinnen der Gemeinschaftspraxis erfahren:</p>
<p>Die Zahnärzte<br />
Behandlungsassistenz<br />
Prophylaxeteam<br />
Anmeldung<br />
Abrechnung</p>

<!-- This site is optimized with the Yoast SEO plugin v19.1 - https://yoast.com/wordpress/plugins/seo/ -->
<title>Das Praxisteam stellt sich vor - Zahnarztpraxis Verden</title>
<meta name="robots" content="index, follow, max-snippet:-1, max-image-preview:large, max-video-preview:-1" />
<link rel="canonical" href="https://www.zahnmedizin-verden.de/main/das-team/" />
<meta property="og:locale" content="de_DE" />
<meta property="og:type" content="article" />
<meta property="og:title" content="Das Praxisteam stellt sich vor - Zahnarztpraxis Verden" />
<meta property="og:description" content="Die Zahnärzte Dr. Kristof Austein, Axel Witte und Dr. Martin Herlinghaus legen großen Wert auf eine gute Zusammenarbeit zwischen Ärzten, Mitarbeitern und auch den Patienten. Unserer Ansicht nach gehören das Wohlbefinden des Patienten und die Teamkultur zu den Eckpfeilern, die Ihnen einen möglichst positiven Arztbesuch ermöglichen. Hier können Sie mehr über die Ärzte und Mitarbeiterinnen der Gemeinschaftspraxis erfahren: Die Zahnärzte Behandlungsassistenz Prophylaxeteam Anmeldung Abrechnung" />
<meta property="og:url" content="https://www.zahnmedizin-verden.de/main/das-team/" />
<meta property="og:site_name" content="Zahnarztpraxis Verden" />
<meta property="article:modified_time" content="2023-01-05T09:42:34+00:00" />
<meta name="twitter:card" content="summary" />
<meta name="twitter:label1" content="Geschätzte Lesezeit" />
	<meta name="twitter:data1" content="1 Minute" />
<script type="application/ld+json" class="yoast-schema-graph">{"@context":"https://schema.org","@graph":[{"@type":"WebSite","@id":"https://www.zahnmedizin-verden.de/main/#website","url":"https://www.zahnmedizin-verden.de/main/","name":"Zahnarztpraxis Verden","description":"Zahnärzte Dr. Kristof Austein, Axel Witte &amp; Kollegen","potentialAction":[{"@type":"SearchAction","target":{"@type":"EntryPoint","urlTemplate":"https://www.zahnmedizin-verden.de/main/?s={search_term_string}"},"query-input":"required name=search_term_string"}],"inLanguage":"de"},{"@type":"WebPage","@id":"https://www.zahnmedizin-verden.de/main/das-team/#webpage","url":"https://www.zahnmedizin-verden.de/main/das-team/","name":"Das Praxisteam stellt sich vor - Zahnarztpraxis Verden","isPartOf":{"@id":"https://www.zahnmedizin-verden.de/main/#website"},"datePublished":"2016-01-08T23:00:46+00:00","dateModified":"2023-01-05T09:42:34+00:00","breadcrumb":{"@id":"https://www.zahnmedizin-verden.de/main/das-team/#breadcrumb"},"inLanguage":"de","potentialAction":[{"@type":"ReadAction","target":["https://www.zahnmedizin-verden.de/main/das-team/"]}]},{"@type":"BreadcrumbList","@id":"https://www.zahnmedizin-verden.de/main/das-team/#breadcrumb","itemListElement":[{"@type":"ListItem","position":1,"name":"Home","item":"https://www.zahnmedizin-verden.de/main/"},{"@type":"ListItem","position":2,"name":"Das Praxisteam"}]}]}</script>
<!-- / Yoast SEO plugin. -->

Die Zahnärzte Dr. Kristof Austein, Axel Witte und Dr. Martin Herlinghaus legen großen Wert auf eine gute Zusammenarbeit zwischen Ärzten, Mitarbeitern und auch den Patienten. Unserer Ansicht nach gehören das Wohlbefinden des Patienten und die Teamkultur zu den Eckpfeilern, die Ihnen einen möglichst positiven Arztbesuch ermöglichen. Hier können Sie mehr über die Ärzte und Mitarbeiterinnen der Gemeinschaftspraxis erfahren: Die Zahnärzte Behandlungsassistenz Prophylaxeteam Anmeldung Abrechnung

Zahnärzte Dr. Kristof Austein, Axel Witte &amp; Kollegen
