{"id":312,"date":"2016-01-16T17:19:42","date_gmt":"2016-01-16T16:19:42","guid":{"rendered":"http:\/\/www.zahnmedizin-verden.de\/test\/?page_id=312"},"modified":"2016-01-16T17:19:42","modified_gmt":"2016-01-16T16:19:42","slug":"zahnaerzte","status":"publish","type":"page","link":"https:\/\/www.zahnmedizin-verden.de\/main\/zahnaerzte\/","title":{"rendered":"Zahn\u00e4rzte"},"content":{"rendered":"<div class=\"tmm tmm_die-zahnaerzte\"><div class=\"tmm_3_columns tmm_wrap tmm_theme_f\"><span class=\"tmm_two_containers_tablet\"><\/span><div class=\"tmm_container\"><div class=\"tmm_member\" style=\"border-top:#eeeadb solid 5px;\"><div class=\"tmm_photo tmm_pic_die-zahnaerzte_0\" style=\"background: url(https:\/\/www.zahnmedizin-verden.de\/main\/wp-content\/uploads\/2022\/10\/KristofAustein-scaled.jpeg); margin-left: auto; margin-right:auto; background-size:cover !important;\"><\/div><div class=\"tmm_textblock\"><div class=\"tmm_names\"><span class=\"tmm_fname\">Dr. Kristof<\/span> <span class=\"tmm_lname\">Austein<\/span><\/div><div class=\"tmm_job\">Zahnarzt<\/div><div class=\"tmm_desc\" style=\"text-align:left\"><p>Die Schwerpunkte von Dr. Austein liegen im Bereich der Zahnerhaltung sowie in der Behandlung der Volkskrankheit Parodontitis. <a href=\"https:\/\/www.zahnmedizin-verden.de\/main\/zahnarzt-kristof-austein\/\">mehr...<\/a><\/p><p>&nbsp;<\/p><\/div><div class=\"tmm_scblock\"><\/div><\/div><\/div><div class=\"tmm_member\" style=\"border-top:#eeeadb solid 5px;\"><div class=\"tmm_photo tmm_pic_die-zahnaerzte_1\" style=\"background: url(https:\/\/www.zahnmedizin-verden.de\/main\/wp-content\/uploads\/2018\/07\/DSC_6420-3_Axel_klein-e1546615681387.jpg); margin-left: auto; margin-right:auto; background-size:cover !important;\"><\/div><div class=\"tmm_textblock\"><div class=\"tmm_names\"><span class=\"tmm_fname\">Axel<\/span> <span class=\"tmm_lname\">Witte<\/span><\/div><div class=\"tmm_job\">Zahnarzt<\/div><div class=\"tmm_desc\" style=\"text-align:left\"><p>Axel Witte ist spezialisiert auf Endodontie (zertifiziert) und konservative Zahnheilkunde und arbeitet seit 1997 als Partner in der Praxis. <br><a href=\"\/main\/zahnarzt-axel-witte\/\">mehr...<\/a><\/p><\/div><div class=\"tmm_scblock\"><\/div><\/div><\/div><span class=\"tmm_two_containers_tablet\"><\/span><div class=\"tmm_member\" style=\"border-top:#eeeadb solid 5px;\"><div class=\"tmm_photo tmm_pic_die-zahnaerzte_2\" style=\"background: url(https:\/\/www.zahnmedizin-verden.de\/main\/wp-content\/uploads\/2018\/07\/DSC_6359-3_Martin_klein-e1546615665380.jpg); margin-left: auto; margin-right:auto; background-size:cover !important;\"><\/div><div class=\"tmm_textblock\"><div class=\"tmm_names\"><span class=\"tmm_fname\">Dr. Martin<\/span> <span class=\"tmm_lname\">Herlinghaus<\/span><\/div><div class=\"tmm_job\">Zahnarzt<\/div><div class=\"tmm_desc\" style=\"text-align:left\"><p>Dr. Herlinghaus ist auf die Behandlung komplexer F\u00e4lle spezialisiert. Ein besonderes Augenmerk wird auf den Erhalt der eigenen Z\u00e4hne gelegt. Sollten Z\u00e4hne als ultima ratio ersetzt werden m\u00fcssen, ist er erfahrener Implantologe (zertifiziert seit 1999). Seit 1999 arbeitet Dr. Herlinghaus als Gutachter und wurde 2017 zum Obergutachter Zahnersatz bestellt.<br><a href=\"\/zahnarzt-martin-herlinghaus\">mehr...<\/a><\/p><\/div><div class=\"tmm_scblock\"><\/div><\/div><\/div><div style=\"clear:both;\"><\/div><\/div><\/div><\/div>\n","protected":false},"excerpt":{"rendered":"","protected":false},"author":1,"featured_media":0,"parent":0,"menu_order":0,"comment_status":"closed","ping_status":"closed","template":"","meta":{"_exactmetrics_skip_tracking":false,"_exactmetrics_sitenote_active":false,"_exactmetrics_sitenote_note":"","_exactmetrics_sitenote_category":0,"footnotes":""},"class_list":["post-312","page","type-page","status-publish","hentry"],"yoast_head":"<!-- This site is optimized with the Yoast SEO plugin v19.1 - https:\/\/yoast.com\/wordpress\/plugins\/seo\/ -->\n<title>Zahn\u00e4rzte - Zahnarztpraxis Verden<\/title>\n<meta name=\"robots\" content=\"index, follow, max-snippet:-1, max-image-preview:large, max-video-preview:-1\" \/>\n<link rel=\"canonical\" href=\"https:\/\/www.zahnmedizin-verden.de\/main\/zahnaerzte\/\" \/>\n<meta property=\"og:locale\" content=\"de_DE\" \/>\n<meta property=\"og:type\" content=\"article\" \/>\n<meta property=\"og:title\" content=\"Zahn\u00e4rzte - Zahnarztpraxis Verden\" \/>\n<meta property=\"og:url\" content=\"https:\/\/www.zahnmedizin-verden.de\/main\/zahnaerzte\/\" \/>\n<meta property=\"og:site_name\" content=\"Zahnarztpraxis Verden\" \/>\n<meta name=\"twitter:card\" content=\"summary\" \/>\n<script type=\"application\/ld+json\" class=\"yoast-schema-graph\">{\"@context\":\"https:\/\/schema.org\",\"@graph\":[{\"@type\":\"WebSite\",\"@id\":\"https:\/\/www.zahnmedizin-verden.de\/main\/#website\",\"url\":\"https:\/\/www.zahnmedizin-verden.de\/main\/\",\"name\":\"Zahnarztpraxis Verden\",\"description\":\"Zahn\u00e4rzte Dr. Kristof Austein, Axel Witte &amp; Kollegen\",\"potentialAction\":[{\"@type\":\"SearchAction\",\"target\":{\"@type\":\"EntryPoint\",\"urlTemplate\":\"https:\/\/www.zahnmedizin-verden.de\/main\/?s={search_term_string}\"},\"query-input\":\"required name=search_term_string\"}],\"inLanguage\":\"de\"},{\"@type\":\"WebPage\",\"@id\":\"https:\/\/www.zahnmedizin-verden.de\/main\/zahnaerzte\/#webpage\",\"url\":\"https:\/\/www.zahnmedizin-verden.de\/main\/zahnaerzte\/\",\"name\":\"Zahn\u00e4rzte - Zahnarztpraxis Verden\",\"isPartOf\":{\"@id\":\"https:\/\/www.zahnmedizin-verden.de\/main\/#website\"},\"datePublished\":\"2016-01-16T16:19:42+00:00\",\"dateModified\":\"2016-01-16T16:19:42+00:00\",\"breadcrumb\":{\"@id\":\"https:\/\/www.zahnmedizin-verden.de\/main\/zahnaerzte\/#breadcrumb\"},\"inLanguage\":\"de\",\"potentialAction\":[{\"@type\":\"ReadAction\",\"target\":[\"https:\/\/www.zahnmedizin-verden.de\/main\/zahnaerzte\/\"]}]},{\"@type\":\"BreadcrumbList\",\"@id\":\"https:\/\/www.zahnmedizin-verden.de\/main\/zahnaerzte\/#breadcrumb\",\"itemListElement\":[{\"@type\":\"ListItem\",\"position\":1,\"name\":\"Home\",\"item\":\"https:\/\/www.zahnmedizin-verden.de\/main\/\"},{\"@type\":\"ListItem\",\"position\":2,\"name\":\"Zahn\u00e4rzte\"}]}]}<\/script>\n<!-- \/ Yoast SEO plugin. -->","yoast_head_json":{"title":"Zahn\u00e4rzte - Zahnarztpraxis Verden","robots":{"index":"index","follow":"follow","max-snippet":"max-snippet:-1","max-image-preview":"max-image-preview:large","max-video-preview":"max-video-preview:-1"},"canonical":"https:\/\/www.zahnmedizin-verden.de\/main\/zahnaerzte\/","og_locale":"de_DE","og_type":"article","og_title":"Zahn\u00e4rzte - Zahnarztpraxis Verden","og_url":"https:\/\/www.zahnmedizin-verden.de\/main\/zahnaerzte\/","og_site_name":"Zahnarztpraxis Verden","twitter_card":"summary","schema":{"@context":"https:\/\/schema.org","@graph":[{"@type":"WebSite","@id":"https:\/\/www.zahnmedizin-verden.de\/main\/#website","url":"https:\/\/www.zahnmedizin-verden.de\/main\/","name":"Zahnarztpraxis Verden","description":"Zahn\u00e4rzte Dr. Kristof Austein, Axel Witte &amp; Kollegen","potentialAction":[{"@type":"SearchAction","target":{"@type":"EntryPoint","urlTemplate":"https:\/\/www.zahnmedizin-verden.de\/main\/?s={search_term_string}"},"query-input":"required name=search_term_string"}],"inLanguage":"de"},{"@type":"WebPage","@id":"https:\/\/www.zahnmedizin-verden.de\/main\/zahnaerzte\/#webpage","url":"https:\/\/www.zahnmedizin-verden.de\/main\/zahnaerzte\/","name":"Zahn\u00e4rzte - Zahnarztpraxis Verden","isPartOf":{"@id":"https:\/\/www.zahnmedizin-verden.de\/main\/#website"},"datePublished":"2016-01-16T16:19:42+00:00","dateModified":"2016-01-16T16:19:42+00:00","breadcrumb":{"@id":"https:\/\/www.zahnmedizin-verden.de\/main\/zahnaerzte\/#breadcrumb"},"inLanguage":"de","potentialAction":[{"@type":"ReadAction","target":["https:\/\/www.zahnmedizin-verden.de\/main\/zahnaerzte\/"]}]},{"@type":"BreadcrumbList","@id":"https:\/\/www.zahnmedizin-verden.de\/main\/zahnaerzte\/#breadcrumb","itemListElement":[{"@type":"ListItem","position":1,"name":"Home","item":"https:\/\/www.zahnmedizin-verden.de\/main\/"},{"@type":"ListItem","position":2,"name":"Zahn\u00e4rzte"}]}]}},"_links":{"self":[{"href":"https:\/\/www.zahnmedizin-verden.de\/main\/wp-json\/wp\/v2\/pages\/312","targetHints":{"allow":["GET"]}}],"collection":[{"href":"https:\/\/www.zahnmedizin-verden.de\/main\/wp-json\/wp\/v2\/pages"}],"about":[{"href":"https:\/\/www.zahnmedizin-verden.de\/main\/wp-json\/wp\/v2\/types\/page"}],"author":[{"embeddable":true,"href":"https:\/\/www.zahnmedizin-verden.de\/main\/wp-json\/wp\/v2\/users\/1"}],"replies":[{"embeddable":true,"href":"https:\/\/www.zahnmedizin-verden.de\/main\/wp-json\/wp\/v2\/comments?post=312"}],"version-history":[{"count":2,"href":"https:\/\/www.zahnmedizin-verden.de\/main\/wp-json\/wp\/v2\/pages\/312\/revisions"}],"predecessor-version":[{"id":315,"href":"https:\/\/www.zahnmedizin-verden.de\/main\/wp-json\/wp\/v2\/pages\/312\/revisions\/315"}],"wp:attachment":[{"href":"https:\/\/www.zahnmedizin-verden.de\/main\/wp-json\/wp\/v2\/media?parent=312"}],"curies":[{"name":"wp","href":"https:\/\/api.w.org\/{rel}","templated":true}]}}