{"id":34,"date":"2010-10-20T16:01:28","date_gmt":"2010-10-20T14:01:28","guid":{"rendered":"http:\/\/www.zahnmedizin-verden.de\/test\/2010\/10\/20\/kz\/"},"modified":"2019-11-25T10:03:20","modified_gmt":"2019-11-25T09:03:20","slug":"fuellungen-kariestherapie","status":"publish","type":"page","link":"https:\/\/www.zahnmedizin-verden.de\/main\/leistungen\/fuellungen-kariestherapie\/","title":{"rendered":"F\u00fcllungen \/ Kariestherapie"},"content":{"rendered":"<h2><strong>F\u00fcllungstherapie \/Kariestherapie &#8211; Was ist das?<\/strong><\/h2>\n<p><a href=\"https:\/\/www.zahnmedizin-verden.de\/main\/wp-content\/uploads\/2018\/08\/dentist-158225_640.png\"><img loading=\"lazy\" decoding=\"async\" class=\"alignleft wp-image-1013\" src=\"https:\/\/www.zahnmedizin-verden.de\/main\/wp-content\/uploads\/2018\/08\/dentist-158225_640-226x300.png\" alt=\"\" width=\"128\" height=\"170\" srcset=\"https:\/\/www.zahnmedizin-verden.de\/main\/wp-content\/uploads\/2018\/08\/dentist-158225_640-226x300.png 226w, https:\/\/www.zahnmedizin-verden.de\/main\/wp-content\/uploads\/2018\/08\/dentist-158225_640.png 483w\" sizes=\"auto, (max-width: 128px) 100vw, 128px\" \/><\/a> F\u00fcllungen werden immer dann n\u00f6tig, wenn kari\u00f6se L\u00e4sionen oder andersartige Defekte an Einzelz\u00e4hnen vorliegen. Hat die Karies &#8217;nur&#8216; den Zahnschmelz angegriffen, hilft oftmals eine Fluoridbehandlung. Hat sie bereits die Dentins besch\u00e4digt, ist eine Entfernung des erkrankten Zahnteils n\u00f6tig. Hier kommt dann die Zahnf\u00fcllung zum Einsatz.<\/p>\n<p>Sollte ein erkrankter Zahn eine F\u00fcllung brauchen, bieten wir Ihnen hierzu verschiedene Materialien an. Unsere Praxis vertritt dabei die amalgamfreie F\u00fcllungstherapie (seit 1992 verwenden wir kein Amalgam mehr). Alternativ kommen bei uns zum Einsatz:<\/p>\n<ul>\n<li>Hochwertige, \u00e4sthetische Kunststoffverbundstoffe, die sich im Anteil der Keramik unterscheiden<\/li>\n<li>Inlays: Goldeinlagef\u00fcllungen<\/li>\n<li>Keramikeinlagef\u00fcllungen<\/li>\n<\/ul>\n<h2><strong>Diagnose &amp; Behandlung\u00a0<\/strong><\/h2>\n<p>Karies zerst\u00f6rt Zahnschmelz und Dentin &#8211; im Endstadium auch die Zahnwurzel. Nur eine Karies im Fr\u00fchstadium l\u00e4sst sich noch ohne mechanische Massnahmen behandeln. Bei fortgeschrittener Karies (Besch\u00e4digung des Dentins), muss dieses entfernt werden wodurch man einen Teil des Zahngewebes verliert, das durch restaurative Materialien bzw. Zahnf\u00fcllung ersetzt wird. Ist die Zahnwurzel angegriffen, ist eine <a href=\"\/main\/leistungen\/endodontie\/\">Wurzelbehandlung<\/a> n\u00f6tig.<\/p>\n<h2><strong> F\u00fcllungen im \u00dcberblick<\/strong><\/h2>\n<p>Die Wahl des richtigen F\u00fcllmaterials h\u00e4ngt von verschiedensten Faktoren ab. Es sind funktionelle, kosmetische und auch finanzielle Aspekte ausschlaggebend.<\/p>\n<ul>\n<li><strong>Kunststoffverbundf\u00fcllung:<\/strong><strong>\u00a0<\/strong><br \/>\nHeutzutage gibt es die M\u00f6glichkeit, mit modernen Techniken und F\u00fcllungsmaterialien Zahndefekte \u00e4sthetisch zu rekonstruieren. Es gibt Kunststofff\u00fcllungen in individuellen Zahnfarben, so dass ein Defekt nach der Behandlung sehr h\u00e4ufig unsichtbar erscheint.<\/li>\n<\/ul>\n<p>Milchz\u00e4hne k\u00f6nnen nicht nur mit Kunststofff\u00fcllungen versorgt werden, sondern auch mit speziellen Compomeren und lichth\u00e4rtende Glasionomerzementen.<\/p>\n<ul>\n<li><strong>Inlays: <\/strong><br \/>\nInlays stellen eine sehr hochwertige F\u00fcllungsalternative dar und bieten Ihrem Zahn ein Optimum an Haltbarkeit, Belastbarkeit und \u00c4sthetik. (ca. 12-15 Jahre)<\/li>\n<li><strong>Amalgam:<br \/>\n<\/strong>Seit 1992 vertritt unsere Praxis amalgamfreie F\u00fcllungstherapie.<\/li>\n<\/ul>\n<p><strong>Amalgamsanierung:<br \/>\n<\/strong>Unter bestimmten Voraussetzungen entstehen bei besonders dazu veranlagten Patienten schon nach kurzer Zeitspanne Aufl\u00f6sungserscheinungen im Oberfl\u00e4chenbereich von Amalgamf\u00fcllungen. Das ionisierte Quecksilber gelangt \u00fcber den Verdauungsweg in alle K\u00f6rperregionen und kann dort die unterschiedlichsten Krankheitserscheinungen durch Allergiesierung ausl\u00f6sen. Aber auch die anderen metallischen Bestandteile k\u00f6nnen magnetisch zur Belastung des K\u00f6rpers f\u00fchren.<\/p>\n<p><strong>Amalgamausleitung<br \/>\n<\/strong>Eine Ausschwemmung der in verschiedenen K\u00f6rpergeweben gespeicherten Quecksilber und Metallionen, die dort an Eiwei\u00dfe gebunden sind, wird insbesondere dann sinnvoll und ratsam, wenn im Zuge einer Amalgamsanierung alle alten Amalgamf\u00fcllungen entfernt werden. Die Durchf\u00fchrung einer Ausschwemmung erfordert zumeist ledeglich die einmalige t\u00e4gliche Einnahme eines Medikaments \u00fcber einen begrenzten Zeitraum. Das Medikament stabilisiert die Metalle in den Geweben, bindet diese und f\u00f6rdert deren Ausscheidung \u00fcber die Niere. Des Weiteren kann bei unseren Patienten die Amalgamsanierung unter Kofferdam durchgef\u00fchrt werden. Dieser Kofferdam ist eine spezielle Folie, die bei der Amalgamentfernung dem Patienten in den Mund gelegt wird, damit die Schleimhaut nicht mit dem Amalgam in Ber\u00fchrung kommt und nichts verschluckt werden kann. Dies ist zum Beispiel in der Schwangerschaft sehr sinnvoll!<\/p>\n","protected":false},"excerpt":{"rendered":"<p>F\u00fcllungstherapie \/Kariestherapie &#8211; Was ist das?<\/p>\n<p> F\u00fcllungen werden immer dann n\u00f6tig, wenn kari\u00f6se L\u00e4sionen oder andersartige Defekte an Einzelz\u00e4hnen vorliegen. Hat die Karies &#8217;nur&#8216; den Zahnschmelz angegriffen, hilft oftmals eine Fluoridbehandlung. Hat sie bereits die Dentins besch\u00e4digt, ist eine Entfernung des erkrankten Zahnteils n\u00f6tig. Hier kommt dann die Zahnf\u00fcllung zum Einsatz.<\/p>\n<p>Sollte ein erkrankter Zahn eine F\u00fcllung brauchen, bieten wir Ihnen hierzu verschiedene Materialien an. Unsere Praxis vertritt dabei die amalgamfreie F\u00fcllungstherapie (seit 1992 verwenden wir kein Amalgam mehr). Alternativ kommen [&#8230;]<\/p>\n","protected":false},"author":1,"featured_media":19,"parent":228,"menu_order":15,"comment_status":"closed","ping_status":"closed","template":"","meta":{"_exactmetrics_skip_tracking":false,"_exactmetrics_sitenote_active":false,"_exactmetrics_sitenote_note":"","_exactmetrics_sitenote_category":0,"footnotes":""},"class_list":["post-34","page","type-page","status-publish","has-post-thumbnail","hentry"],"yoast_head":"<!-- This site is optimized with the Yoast SEO plugin v19.1 - https:\/\/yoast.com\/wordpress\/plugins\/seo\/ -->\n<title>F\u00fcllungen \/ Kariestherapie - Zahnarztpraxis Verden<\/title>\n<meta name=\"robots\" content=\"index, follow, max-snippet:-1, max-image-preview:large, max-video-preview:-1\" \/>\n<link rel=\"canonical\" href=\"https:\/\/www.zahnmedizin-verden.de\/main\/leistungen\/fuellungen-kariestherapie\/\" \/>\n<meta property=\"og:locale\" content=\"de_DE\" \/>\n<meta property=\"og:type\" content=\"article\" \/>\n<meta property=\"og:title\" content=\"F\u00fcllungen \/ Kariestherapie - Zahnarztpraxis Verden\" \/>\n<meta property=\"og:description\" content=\"F\u00fcllungstherapie \/Kariestherapie &#8211; Was ist das? F\u00fcllungen werden immer dann n\u00f6tig, wenn kari\u00f6se L\u00e4sionen oder andersartige Defekte an Einzelz\u00e4hnen vorliegen. Hat die Karies &#8217;nur&#8216; den Zahnschmelz angegriffen, hilft oftmals eine Fluoridbehandlung. Hat sie bereits die Dentins besch\u00e4digt, ist eine Entfernung des erkrankten Zahnteils n\u00f6tig. Hier kommt dann die Zahnf\u00fcllung zum Einsatz. Sollte ein erkrankter Zahn eine F\u00fcllung brauchen, bieten wir Ihnen hierzu verschiedene Materialien an. Unsere Praxis vertritt dabei die amalgamfreie F\u00fcllungstherapie (seit 1992 verwenden wir kein Amalgam mehr). Alternativ kommen [...]\" \/>\n<meta property=\"og:url\" content=\"https:\/\/www.zahnmedizin-verden.de\/main\/leistungen\/fuellungen-kariestherapie\/\" \/>\n<meta property=\"og:site_name\" content=\"Zahnarztpraxis Verden\" \/>\n<meta property=\"article:modified_time\" content=\"2019-11-25T09:03:20+00:00\" \/>\n<meta property=\"og:image\" content=\"https:\/\/www.zahnmedizin-verden.de\/main\/wp-content\/uploads\/2010\/09\/punkt1x1_gruen.gif\" \/>\n\t<meta property=\"og:image:width\" content=\"1\" \/>\n\t<meta property=\"og:image:height\" content=\"1\" \/>\n\t<meta property=\"og:image:type\" content=\"image\/gif\" \/>\n<meta name=\"twitter:card\" content=\"summary\" \/>\n<meta name=\"twitter:label1\" content=\"Gesch\u00e4tzte Lesezeit\" \/>\n\t<meta name=\"twitter:data1\" content=\"2\u00a0Minuten\" \/>\n<script type=\"application\/ld+json\" class=\"yoast-schema-graph\">{\"@context\":\"https:\/\/schema.org\",\"@graph\":[{\"@type\":\"WebSite\",\"@id\":\"https:\/\/www.zahnmedizin-verden.de\/main\/#website\",\"url\":\"https:\/\/www.zahnmedizin-verden.de\/main\/\",\"name\":\"Zahnarztpraxis Verden\",\"description\":\"Zahn\u00e4rzte Dr. Kristof Austein, Axel Witte &amp; Kollegen\",\"potentialAction\":[{\"@type\":\"SearchAction\",\"target\":{\"@type\":\"EntryPoint\",\"urlTemplate\":\"https:\/\/www.zahnmedizin-verden.de\/main\/?s={search_term_string}\"},\"query-input\":\"required name=search_term_string\"}],\"inLanguage\":\"de\"},{\"@type\":\"ImageObject\",\"inLanguage\":\"de\",\"@id\":\"https:\/\/www.zahnmedizin-verden.de\/main\/leistungen\/fuellungen-kariestherapie\/#primaryimage\",\"url\":\"https:\/\/www.zahnmedizin-verden.de\/main\/wp-content\/uploads\/2010\/09\/punkt1x1_gruen.gif\",\"contentUrl\":\"https:\/\/www.zahnmedizin-verden.de\/main\/wp-content\/uploads\/2010\/09\/punkt1x1_gruen.gif\",\"width\":1,\"height\":1},{\"@type\":\"WebPage\",\"@id\":\"https:\/\/www.zahnmedizin-verden.de\/main\/leistungen\/fuellungen-kariestherapie\/#webpage\",\"url\":\"https:\/\/www.zahnmedizin-verden.de\/main\/leistungen\/fuellungen-kariestherapie\/\",\"name\":\"F\u00fcllungen \/ Kariestherapie - Zahnarztpraxis Verden\",\"isPartOf\":{\"@id\":\"https:\/\/www.zahnmedizin-verden.de\/main\/#website\"},\"primaryImageOfPage\":{\"@id\":\"https:\/\/www.zahnmedizin-verden.de\/main\/leistungen\/fuellungen-kariestherapie\/#primaryimage\"},\"datePublished\":\"2010-10-20T14:01:28+00:00\",\"dateModified\":\"2019-11-25T09:03:20+00:00\",\"breadcrumb\":{\"@id\":\"https:\/\/www.zahnmedizin-verden.de\/main\/leistungen\/fuellungen-kariestherapie\/#breadcrumb\"},\"inLanguage\":\"de\",\"potentialAction\":[{\"@type\":\"ReadAction\",\"target\":[\"https:\/\/www.zahnmedizin-verden.de\/main\/leistungen\/fuellungen-kariestherapie\/\"]}]},{\"@type\":\"BreadcrumbList\",\"@id\":\"https:\/\/www.zahnmedizin-verden.de\/main\/leistungen\/fuellungen-kariestherapie\/#breadcrumb\",\"itemListElement\":[{\"@type\":\"ListItem\",\"position\":1,\"name\":\"Home\",\"item\":\"https:\/\/www.zahnmedizin-verden.de\/main\/\"},{\"@type\":\"ListItem\",\"position\":2,\"name\":\"Unsere Leistungen\",\"item\":\"https:\/\/www.zahnmedizin-verden.de\/main\/leistungen\/\"},{\"@type\":\"ListItem\",\"position\":3,\"name\":\"F\u00fcllungen \/ Kariestherapie\"}]}]}<\/script>\n<!-- \/ Yoast SEO plugin. -->","yoast_head_json":{"title":"F\u00fcllungen \/ Kariestherapie - Zahnarztpraxis Verden","robots":{"index":"index","follow":"follow","max-snippet":"max-snippet:-1","max-image-preview":"max-image-preview:large","max-video-preview":"max-video-preview:-1"},"canonical":"https:\/\/www.zahnmedizin-verden.de\/main\/leistungen\/fuellungen-kariestherapie\/","og_locale":"de_DE","og_type":"article","og_title":"F\u00fcllungen \/ Kariestherapie - Zahnarztpraxis Verden","og_description":"F\u00fcllungstherapie \/Kariestherapie &#8211; Was ist das? F\u00fcllungen werden immer dann n\u00f6tig, wenn kari\u00f6se L\u00e4sionen oder andersartige Defekte an Einzelz\u00e4hnen vorliegen. Hat die Karies &#8217;nur&#8216; den Zahnschmelz angegriffen, hilft oftmals eine Fluoridbehandlung. Hat sie bereits die Dentins besch\u00e4digt, ist eine Entfernung des erkrankten Zahnteils n\u00f6tig. Hier kommt dann die Zahnf\u00fcllung zum Einsatz. Sollte ein erkrankter Zahn eine F\u00fcllung brauchen, bieten wir Ihnen hierzu verschiedene Materialien an. Unsere Praxis vertritt dabei die amalgamfreie F\u00fcllungstherapie (seit 1992 verwenden wir kein Amalgam mehr). Alternativ kommen [...]","og_url":"https:\/\/www.zahnmedizin-verden.de\/main\/leistungen\/fuellungen-kariestherapie\/","og_site_name":"Zahnarztpraxis Verden","article_modified_time":"2019-11-25T09:03:20+00:00","og_image":[{"width":1,"height":1,"url":"https:\/\/www.zahnmedizin-verden.de\/main\/wp-content\/uploads\/2010\/09\/punkt1x1_gruen.gif","type":"image\/gif"}],"twitter_card":"summary","twitter_misc":{"Gesch\u00e4tzte Lesezeit":"2\u00a0Minuten"},"schema":{"@context":"https:\/\/schema.org","@graph":[{"@type":"WebSite","@id":"https:\/\/www.zahnmedizin-verden.de\/main\/#website","url":"https:\/\/www.zahnmedizin-verden.de\/main\/","name":"Zahnarztpraxis Verden","description":"Zahn\u00e4rzte Dr. Kristof Austein, Axel Witte &amp; Kollegen","potentialAction":[{"@type":"SearchAction","target":{"@type":"EntryPoint","urlTemplate":"https:\/\/www.zahnmedizin-verden.de\/main\/?s={search_term_string}"},"query-input":"required name=search_term_string"}],"inLanguage":"de"},{"@type":"ImageObject","inLanguage":"de","@id":"https:\/\/www.zahnmedizin-verden.de\/main\/leistungen\/fuellungen-kariestherapie\/#primaryimage","url":"https:\/\/www.zahnmedizin-verden.de\/main\/wp-content\/uploads\/2010\/09\/punkt1x1_gruen.gif","contentUrl":"https:\/\/www.zahnmedizin-verden.de\/main\/wp-content\/uploads\/2010\/09\/punkt1x1_gruen.gif","width":1,"height":1},{"@type":"WebPage","@id":"https:\/\/www.zahnmedizin-verden.de\/main\/leistungen\/fuellungen-kariestherapie\/#webpage","url":"https:\/\/www.zahnmedizin-verden.de\/main\/leistungen\/fuellungen-kariestherapie\/","name":"F\u00fcllungen \/ Kariestherapie - Zahnarztpraxis Verden","isPartOf":{"@id":"https:\/\/www.zahnmedizin-verden.de\/main\/#website"},"primaryImageOfPage":{"@id":"https:\/\/www.zahnmedizin-verden.de\/main\/leistungen\/fuellungen-kariestherapie\/#primaryimage"},"datePublished":"2010-10-20T14:01:28+00:00","dateModified":"2019-11-25T09:03:20+00:00","breadcrumb":{"@id":"https:\/\/www.zahnmedizin-verden.de\/main\/leistungen\/fuellungen-kariestherapie\/#breadcrumb"},"inLanguage":"de","potentialAction":[{"@type":"ReadAction","target":["https:\/\/www.zahnmedizin-verden.de\/main\/leistungen\/fuellungen-kariestherapie\/"]}]},{"@type":"BreadcrumbList","@id":"https:\/\/www.zahnmedizin-verden.de\/main\/leistungen\/fuellungen-kariestherapie\/#breadcrumb","itemListElement":[{"@type":"ListItem","position":1,"name":"Home","item":"https:\/\/www.zahnmedizin-verden.de\/main\/"},{"@type":"ListItem","position":2,"name":"Unsere Leistungen","item":"https:\/\/www.zahnmedizin-verden.de\/main\/leistungen\/"},{"@type":"ListItem","position":3,"name":"F\u00fcllungen \/ Kariestherapie"}]}]}},"_links":{"self":[{"href":"https:\/\/www.zahnmedizin-verden.de\/main\/wp-json\/wp\/v2\/pages\/34","targetHints":{"allow":["GET"]}}],"collection":[{"href":"https:\/\/www.zahnmedizin-verden.de\/main\/wp-json\/wp\/v2\/pages"}],"about":[{"href":"https:\/\/www.zahnmedizin-verden.de\/main\/wp-json\/wp\/v2\/types\/page"}],"author":[{"embeddable":true,"href":"https:\/\/www.zahnmedizin-verden.de\/main\/wp-json\/wp\/v2\/users\/1"}],"replies":[{"embeddable":true,"href":"https:\/\/www.zahnmedizin-verden.de\/main\/wp-json\/wp\/v2\/comments?post=34"}],"version-history":[{"count":15,"href":"https:\/\/www.zahnmedizin-verden.de\/main\/wp-json\/wp\/v2\/pages\/34\/revisions"}],"predecessor-version":[{"id":1139,"href":"https:\/\/www.zahnmedizin-verden.de\/main\/wp-json\/wp\/v2\/pages\/34\/revisions\/1139"}],"up":[{"embeddable":true,"href":"https:\/\/www.zahnmedizin-verden.de\/main\/wp-json\/wp\/v2\/pages\/228"}],"wp:featuredmedia":[{"embeddable":true,"href":"https:\/\/www.zahnmedizin-verden.de\/main\/wp-json\/wp\/v2\/media\/19"}],"wp:attachment":[{"href":"https:\/\/www.zahnmedizin-verden.de\/main\/wp-json\/wp\/v2\/media?parent=34"}],"curies":[{"name":"wp","href":"https:\/\/api.w.org\/{rel}","templated":true}]}}